0. Is j a prime number?
True
Is ((-32)/(-12) - 3)*-1569 a composite number?
False
Is 1/(-4 + 1268/316) composite?
False
Let m be -1*(-5)/((-10)/52). Let l = 28 + m. Suppose l*z - 820 = -2*z. Is z a prime number?
False
Let h = -1867 - -2736. Suppose 3*q - p = h, -2*p = -q + 30 + 258. Let r = -199 + q. Is r prime?
False
Let d = -359 + 560. Is 2*(d/(-6))/(-1) prime?
True
Is -1 - 1 - (28 - 4019) composite?
False
Let s(l) = 34*l + 579. Is s(41) a composite number?
False
Let z(u) = 72*u**3 - 2*u - 1. Suppose -3*i - 5*v = -0 - 11, 0 = -5*i + 3*v + 7. Is z(i) composite?
False
Let b(i) = i**3 - 23*i**2 - 9*i - 19. Let a be b(21). Let p = a + 1967. Is p prime?
True
Let o = 8 - 8. Suppose o*c + 4*c = 764. Is c a prime number?
True
Suppose 59*h - 7793 = 58*h. Is h composite?
False
Let b(g) = 4*g + 10 + 4*g**2 - 11 - 2*g + 2*g. Let q(x) = -x**3 - 5*x**2 + x + 2. Let c be q(-5). Is b(c) composite?
False
Let z(p) = -11*p + 5. Let l be z(-9). Let h be 4/2 - (-36 - 1). Let s = l - h. Is s a prime number?
False
Let v = -61 - -459. Is (3*v/6)/1 composite?
False
Suppose -189 = -4*x + v - 45, -72 = -2*x - 4*v. Is ((-2933)/(-21))/(4/x) a composite number?
True
Let r(d) = -3*d - 4. Let a be r(-3). Suppose a*g - 967 - 38 = 0. Is g a prime number?
False
Is 28/(-70)*28965/(-6) composite?
False
Suppose 0 = -3*c + 34 + 26. Let i = 32 - c. Suppose 5*v - i = 93. Is v composite?
True
Let n = -28 - -46. Let a be ((-84)/8)/((-9)/24). Let r = a - n. Is r composite?
True
Suppose 0 = d - 4*d + 2*c + 2, -2*d + 2*c - 2 = 0. Suppose d*z - 1932 = -16. Is z a composite number?
False
Let l be 0 + -2*2 - 2. Suppose 57*o = 58*o + 878. Is (-2)/l + o/(-3) composite?
False
Suppose -3*d + 17 = p, 0 = -p - 0*d - 2*d + 16. Suppose -3*u + p = -2*u. Let w = 7 + u. Is w a composite number?
True
Let j(s) = -s - 4. Let h be j(-4). Is -8 + 9 - (0 - h - 88) a composite number?
False
Let y(a) = 0*a**2 + 3*a**3 - 2*a**3 + a**2 + 259 - 2*a. Let z be (-2 - (0 + -2))*-1. Is y(z) prime?
False
Suppose 0 = 8*z - 2059 - 1293. Is z a composite number?
False
Is (1*(3 - -2))/(2/12014) a composite number?
True
Is (-1785605)/(-46)*(-2)/(-5) prime?
True
Suppose 2*z - 15 + 5 = 0. Suppose -z*h + l = -294, 0*h - 5*h + 293 = -2*l. Is h prime?
True
Let p(b) = -b - 1. Let w be p(-6). Suppose 20 = 3*c + 2*c, w*t - 22 = -3*c. Suppose 4*h = 5*s + 2725, s - 1 = t. Is h prime?
False
Suppose 6*i = 2*i. Suppose i*w + 5*w = -3755. Is -1 + (1 - w)/4 a prime number?
False
Let f = 130906 - 66689. Is f a prime number?
True
Suppose -4*w = -12*w. Suppose -3*s + 4*c + 929 = 0, w*c + 8 = -4*c. Is s composite?
False
Suppose -5*c = -5, 2*q + c + 1455 + 700 = 0. Let g = 1551 + q. Is g a composite number?
True
Let o(s) = s**3 - 7*s**2 + 8*s + 3. Suppose 0 = -10*q + 107 - 27. Is o(q) prime?
True
Let l = 186 - 53. Let i be 1 - (-4 - 211) - -6. Let s = i - l. Is s a composite number?
False
Is 24/30*5 + (2240 - 1) a prime number?
True
Let p(b) = -29*b - 39 + 221*b - 9*b + 122*b. Is p(4) a composite number?
False
Suppose 4*z - 82162 + 32982 = 0. Is z a prime number?
False
Is (17/(-4)*359)/((-15)/60) a prime number?
False
Suppose -3*j + 19 = 2*j - t, 10 = 2*j - t. Suppose -j*s - 2*s + 25 = 0. Let f = s + 1. Is f composite?
True
Suppose 8*a = 7*a. Suppose a = 2*s + 4*h - 0*h - 2506, -4*s + 5022 = -2*h. Is s a composite number?
True
Suppose -80 = 3*y - 2375. Suppose 0 = 4*r - y - 127. Is r a prime number?
True
Let p(r) = -2*r**3 - r**2 + 6*r + 25. Is p(-8) a prime number?
True
Let q(v) = -v**3 + 27*v**2 - 42*v - 7. Is q(18) a prime number?
True
Suppose 0 = 2*l + 2*l - 232. Suppose 0 = 4*y - l - 90. Is y composite?
False
Let g(n) be the third derivative of n**5/20 + n**4/6 - 13*n**3/6 + 2*n**2. Suppose 3 = -3*p - 15. Is g(p) prime?
True
Suppose 2671 = -3*n + c, 7*c = 2*c + 20. Let i be (-297)/792 - 12525/8. Let s = n - i. Is s prime?
True
Let w = 32032 - 17663. Is w composite?
False
Suppose -4*p = -5*u + 1 + 186, -2*u + 79 = -3*p. Let c be 3036/(-10) + (-14)/u. Let w = 713 + c. Is w a prime number?
True
Let l = 14 + -6. Let q = 9 - l. Suppose -q + 135 = c. Is c prime?
False
Let x(o) be the third derivative of -17*o**4/24 + o**3/3 + 4*o**2. Let g be x(6). Let a = -42 - g. Is a prime?
False
Suppose 15392 = 28*k - 407436. Is k composite?
False
Suppose -4*t - 6 = -14. Let z = -5 + t. Is -4*z/24*1126 composite?
False
Let u = -334 - -809. Let v = -116 + 121. Suppose 0*k = v*k - u. Is k a composite number?
True
Suppose -8*u + 7*u = 7. Let f(k) = -53*k - 6. Let j be f(u). Suppose 5*n + q + q = j, -5*q + 380 = 5*n. Is n composite?
False
Let v(f) = 4*f - 9. Let h be v(7). Let o = h + -13. Suppose 5044 = -o*g + 10*g. Is g prime?
False
Suppose 292 = f - 3*z + 14, 0 = -3*f - 5*z + 876. Is f prime?
False
Suppose 12*x = 1605140 + 844360. Is x/100 + 1/(-4) composite?
True
Let f(i) = 23*i + 4748 + 191*i - 4743. Is f(3) a prime number?
True
Let z(l) = -20*l + 0 - 68*l + 15 + 0. Is z(-13) a composite number?
True
Let g = 2824 - 387. Is g composite?
False
Let g be 264/(-15) + 6/10. Let z be 6/(-8) - g/(-4). Is 8 + z - (-1 - 42) a prime number?
False
Let m = -2285 + 3256. Is m composite?
False
Let u(d) = d**3 + 18*d**2 - 1. Let s be u(-18). Let t(y) = -1925*y**3 - y - 1. Let x be t(s). Suppose 3*n = -2*n + 5*m + x, 3*m + 12 = 0. Is n a prime number?
False
Suppose -40*s + 33*s = -17521. Is s composite?
False
Suppose -5*a = -4*a - 16. Suppose a*n - 93 = 13*n. Is n composite?
False
Let k(z) = -z**3 - 4*z**2 + z + 7. Let f be k(-4). Suppose 2*n - 5*n = -f. Is 4 + (-1 - n) + 639 prime?
True
Suppose 0 = -4*q + 5 + 3. Suppose 0*n = q*n - 8. Is (12*151)/n + -4 a prime number?
True
Let k(q) = -q**2 + 5*q + 8. Let c be k(6). Suppose c*m - 11 = 4*w + 3, 4*w = -8. Suppose 2*u = -m*f + 803, -2 = 3*u + 4. Is f prime?
True
Let i(p) = 6*p**3 + 3*p**2 - 2*p - 28. Is i(5) prime?
True
Suppose -2*z = 26*m - 28*m + 85002, 4*m + 2*z = 170028. Is m a prime number?
False
Let x(m) = -2*m**2 - 7*m - 6. Let o be x(-2). Let b be (-5)/(-7) - (-2)/7. Is (b - o)/((-7)/(-147)) a prime number?
False
Let i(c) = c + 25. Let v be i(-13). Let b = -3 - 3. Is (8/v)/(b/(-1143)) a composite number?
False
Let m be 2*4/8 - 1. Suppose -106 = -c - 5*f, -4*c + f + 14 + 515 = m. Is c composite?
False
Let s(f) = 10*f**2 - 3*f - 4. Let y = -22 + 19. Is s(y) composite?
True
Suppose 0 = 7*u - 3*u + 4. Let x = 4 + u. Suppose -x*i = -0*i - 393. Is i a prime number?
True
Let j = 552 - 377. Suppose -j = -x + 142. Is x a composite number?
False
Let r(o) = 322*o - 3. Is r(17) composite?
False
Let t(h) = 68*h + 7. Suppose 0*a + 4*x - 9 = 3*a, -4*a + 4*x - 12 = 0. Let o be -1 + 5 + (-4 - a). Is t(o) a composite number?
False
Let x(a) be the third derivative of -5*a**4/12 - 11*a**3/6 - 14*a**2. Is x(-15) a prime number?
True
Suppose 4*c = -74 + 30. Let d(w) = w**2 + 9*w - 18. Let n be d(c). Is n + -2 - (-120 - -9) prime?
True
Let v be -2*(39 - (1 - 1)). Let o = -16 + -193. Let s = v - o. Is s prime?
True
Let m(d) = -6*d + 7. Let f(t) = t**2 - 7*t - 4. Let c be f(8). Suppose -c*g - 10 = -2*g. Is m(g) prime?
True
Is (7/((-21)/71607))/(-1) a prime number?
True
Suppose -500723 - 1077799 = -66*l. Is l prime?
True
Let v(w) = 60*w**3 + 2*w**2 + 5*w - 80. Is v(7) a prime number?
False
Let z = 10622 - -1365. Is z prime?
True
Let t be 18 - (0 + -1 + -2). Suppose 5*k - 6 = -t. Is (-404)/6*k + 1 composite?
True
Let k(r) = r**2 - 37*r + 14. Let z be k(12). Let x = z - -859. Is x a prime number?
False
Let w = -16078 - -30251. Is w a prime number?
True
Let z(u) = 9*u + 12*u**2 + 48*u**2 + 3 - 11. Is z(7) a prime number?
False
Let z(f) = 11*f**2 - 7*f + 91. Is z(9) prime?
True
Let y be (0 - 2)*((-3)/(-6) + -7). Let g(s) = 10*s**2 + 20*s - 49. Is g(y) a prime number?
True
Let l = 28 + -23. Suppose l*g - 1730 = 5*u, 3*g - 1035 = 3*u + g. Is ((-2)/(-2))/((-7)/u) prime?
False
Suppose -20885 = 11*u - 4363. Is u/((-15)/6*(-16)/(-20)) composite?
False
Suppose -4*c = 2*y - 22, -2*y + y = -2*c + 1. Let o(f) = 0*f + c*f + f - 3*f + 127. Is o(0) a composite number?
False
Suppose -5*p + 32215 = -5*k, -p - 1872 + 8310 = -2*k. Is (2 - p)*(-2)/4 a prime number?
False
Is (-3528)/(-378)*147666/8 composite?
True
Suppose 11*j - 7*j + 3*q = 50650, q = 2. Is j prime?
False
Let n = 30927 + -16726. Is n composite?
True
Let x(u) = 17*u**2 + 6*u + 6. Suppose 4*m 